{"id":37,"date":"2019-04-10T23:45:10","date_gmt":"2019-04-10T21:45:10","guid":{"rendered":"http:\/\/cuentalocomunicacion.es\/?page_id=37"},"modified":"2026-03-17T23:21:32","modified_gmt":"2026-03-17T22:21:32","slug":"conocenos","status":"publish","type":"page","link":"https:\/\/cuentalocomunicacion.com\/?page_id=37","title":{"rendered":"Con\u00f3cenos"},"content":{"rendered":"<p style=\"text-align: justify;\">Es evidente que vivimos en la era de la comunicaci\u00f3n, frase hecha y manida, pero no por ello menos cierta. Hoy, lo que no se comunica no existe, y si no comunicas, otros lo har\u00e1n por ti.<\/p>\n<p style=\"text-align: justify;\">La comunicaci\u00f3n es una ventana de oportunidades, y dependiendo del sector social o profesional en el que cada uno se encuentre, esas oportunidades siempre aportan algo positivo si se saben aprovechar bien. Por eso una comunicaci\u00f3n eficaz requiere de estrategia: objetivos, acciones y planificaci\u00f3n.<\/p>\n<p style=\"text-align: justify;\">Con estrategia todo es simple, lo que no quiere decir que vaya a ser f\u00e1cil, y es importante comunicar bien puesto que, de no ser as\u00ed, no se puede convencer ni motivar.<\/p>\n\n\n<figure class=\"wp-block-image alignwide size-full is-style-default\"><a href=\"https:\/\/cuentalocomunicacion.com\/wp-content\/uploads\/2020\/05\/Medios-01.jpg\"><img fetchpriority=\"high\" decoding=\"async\" width=\"700\" height=\"300\" src=\"https:\/\/cuentalocomunicacion.com\/wp-content\/uploads\/2020\/05\/Medios-01.jpg\" alt=\"\" class=\"wp-image-146\" srcset=\"https:\/\/cuentalocomunicacion.com\/wp-content\/uploads\/2020\/05\/Medios-01.jpg 700w, https:\/\/cuentalocomunicacion.com\/wp-content\/uploads\/2020\/05\/Medios-01-300x129.jpg 300w, https:\/\/cuentalocomunicacion.com\/wp-content\/uploads\/2020\/05\/Medios-01-560x240.jpg 560w\" sizes=\"(max-width: 700px) 100vw, 700px\" \/><\/a><\/figure>\n\n\n<p style=\"text-align: justify;\">Pero la comunicaci\u00f3n no solamente es un escaparate al exterior, tambi\u00e9n es una herramienta de gesti\u00f3n, un modo de demostrar que se alcanzan las metas planteadas, los objetivos asumidos y los compromisos adquiridos.<\/p>\n<p style=\"text-align: justify;\">Invertir en comunicaci\u00f3n tiene una alta rentabilidad en reputaci\u00f3n, reconocimiento, eficacia y confianza personal, por eso la comunicaci\u00f3n siempre es rentable y ayuda a construir la reputaci\u00f3n: o la construyes o te la construyen.<\/p>\n<p style=\"text-align: justify;\">Cu\u00e9ntalo Comunicaci\u00f3n est\u00e1 respaldado por profesionales que poseen m\u00e1s de veinticinco a\u00f1os de experiencia en el campo de los medios informativos y de los gabinetes de prensa y asesoramiento, habiendo desarrollado su actividad profesional en radio, televisi\u00f3n, prensa escrita, publicidad, gesti\u00f3n de eventos e imagen p\u00fablica y, por supuesto, comunicaci\u00f3n corporativa a trav\u00e9s de p\u00e1ginas web y redes sociales.<\/p>\n\n\n<figure class=\"wp-block-image alignwide size-full is-style-default\"><a href=\"https:\/\/cuentalocomunicacion.com\/wp-content\/uploads\/2020\/05\/Micr\u00f3fono-04.jpg\"><img decoding=\"async\" width=\"700\" height=\"300\" src=\"https:\/\/cuentalocomunicacion.com\/wp-content\/uploads\/2020\/05\/Micr\u00f3fono-04.jpg\" alt=\"\" class=\"wp-image-158\" srcset=\"https:\/\/cuentalocomunicacion.com\/wp-content\/uploads\/2020\/05\/Micr\u00f3fono-04.jpg 700w, https:\/\/cuentalocomunicacion.com\/wp-content\/uploads\/2020\/05\/Micr\u00f3fono-04-300x129.jpg 300w, https:\/\/cuentalocomunicacion.com\/wp-content\/uploads\/2020\/05\/Micr\u00f3fono-04-560x240.jpg 560w\" sizes=\"(max-width: 700px) 100vw, 700px\" \/><\/a><\/figure>\n","protected":false},"excerpt":{"rendered":"<p>Es evidente que vivimos en la era de la comunicaci\u00f3n, frase hecha y manida, pero no por ello menos cierta. Hoy, lo que no se comunica no existe, y si no comunicas, otros lo har\u00e1n por ti. La comunicaci\u00f3n es una ventana de oportunidades, y dependiendo del sector social o profesional en el que cada&hellip;&nbsp;<a href=\"https:\/\/cuentalocomunicacion.com\/?page_id=37\" rel=\"bookmark\">Leer m\u00e1s &raquo;<span class=\"screen-reader-text\">Con\u00f3cenos<\/span><\/a><\/p>\n","protected":false},"author":1,"featured_media":0,"parent":0,"menu_order":1,"comment_status":"closed","ping_status":"closed","template":"","meta":{"neve_meta_sidebar":"","neve_meta_container":"","neve_meta_enable_content_width":"off","neve_meta_content_width":0,"neve_meta_title_alignment":"","neve_meta_author_avatar":"","neve_post_elements_order":"","neve_meta_disable_header":"","neve_meta_disable_footer":"","neve_meta_disable_title":"","footnotes":""},"class_list":["post-37","page","type-page","status-publish","hentry"],"_links":{"self":[{"href":"https:\/\/cuentalocomunicacion.com\/index.php?rest_route=\/wp\/v2\/pages\/37","targetHints":{"allow":["GET"]}}],"collection":[{"href":"https:\/\/cuentalocomunicacion.com\/index.php?rest_route=\/wp\/v2\/pages"}],"about":[{"href":"https:\/\/cuentalocomunicacion.com\/index.php?rest_route=\/wp\/v2\/types\/page"}],"author":[{"embeddable":true,"href":"https:\/\/cuentalocomunicacion.com\/index.php?rest_route=\/wp\/v2\/users\/1"}],"replies":[{"embeddable":true,"href":"https:\/\/cuentalocomunicacion.com\/index.php?rest_route=%2Fwp%2Fv2%2Fcomments&post=37"}],"version-history":[{"count":36,"href":"https:\/\/cuentalocomunicacion.com\/index.php?rest_route=\/wp\/v2\/pages\/37\/revisions"}],"predecessor-version":[{"id":550,"href":"https:\/\/cuentalocomunicacion.com\/index.php?rest_route=\/wp\/v2\/pages\/37\/revisions\/550"}],"wp:attachment":[{"href":"https:\/\/cuentalocomunicacion.com\/index.php?rest_route=%2Fwp%2Fv2%2Fmedia&parent=37"}],"curies":[{"name":"wp","href":"https:\/\/api.w.org\/{rel}","templated":true}]}}